-126
Let v(p) = 22*p**2 - 214*p + 31. What is v(10)?
91
Let q(x) = x**3 - 20*x**2 + 35*x + 64. What is q(18)?
46
Let l(t) = t**3 + 5*t**2 + 4*t + 8. Give l(-6).
-52
Let u(c) = 20*c + 13. What is u(5)?
113
Let q(y) = -3*y**2 + 194*y - 555. Give q(3).
0
Let c(d) = -245*d - 1036. Determine c(-5).
189
Let o(n) = -6*n**2 + 13*n + 65. What is o(9)?
-304
Let z(a) = a**3 + 11*a**2 + 55*a + 167. Determine z(-6).
17
Let c(i) = -21*i**3 + 274*i**2 - 14*i - 7. Calculate c(13).
-20
Let t(b) = b**2 + 36*b + 132. Give t(-31).
-23
Let n(o) = 4*o**2 + 10*o + 29. Calculate n(-7).
155
Let u(z) = -1513*z - 25733. Determine u(-17).
-12
Let p(t) = t**2 + 60*t + 750. Calculate p(-36).
-114
Let d(k) = 6*k - 215. Determine d(37).
7
Let s(d) = d**2 - 48*d + 87. Calculate s(43).
-128
Let h(a) = -a - 42. Determine h(-7).
-35
Let u(j) = 5*j + 72. Calculate u(-11).
17
Let n(z) = 604*z + 2939. Determine n(-5).
-81
Let n(l) = -l**3 - 16*l**2 + 46*l + 496. Give n(-17).
3
Let f(z) = -26*z + 41. Give f(7).
-141
Let f(x) = -23*x**2 - 921*x - 140. Give f(-40).
-100
Let q(p) = 332*p + 4334. Determine q(-14).
-314
Let z(v) = 3*v**2 - 141*v + 684. Calculate z(5).
54
Let y(v) = v**3 + 132*v**2 + 247*v - 1688. Calculate y(-130).
2
Let h(v) = v**3 - 41*v**2 - 80*v + 7. Calculate h(-2).
-5
Let s(p) = -2*p**2 - 18*p + 50. What is s(3)?
-22
Let c(s) = -145*s**3 - s**2 - 6*s + 5. Calculate c(1).
-147
Let p(z) = -z**2 + 19*z - 150. Determine p(15).
-90
Let v(c) = -69*c + 70. Determine v(1).
1
Let a(v) = -2*v**3 - v**2 + 10*v - 97. Give a(6).
-505
Let r(h) = 13*h**3 + 9*h**2 + 18*h + 8. Calculate r(-3).
-316
Let r(q) = q**3 + 8*q**2 + 7*q + 6. What is r(-6)?
36
Let g(v) = -v**2 - 105*v + 72. Calculate g(-106).
-34
Let p(m) = 4*m**2 + 42*m + 59. Calculate p(-9).
5
Let o(g) = -g**3 - 78*g**2 - 1267*g - 109. Calculate o(-55).
1
Let c(x) = 99*x + 5931. Give c(-60).
-9
Let c(g) = -5*g**2 + 1428*g + 9336. Determine c(292).
-8
Let q(s) = -s**3 - 63*s**2 + 202*s - 18. Calculate q(-66).
-282
Let v(k) = k**3 + 9*k**2 - 16*k - 54. Give v(-10).
6
Let n(s) = 7*s**2 + 76*s + 67. Give n(-6).
-137
Let j(l) = -75*l**2 - 10*l + 16. Calculate j(1).
-69
Let c(l) = -97*l - 479. Calculate c(-6).
103
Let d(g) = -g**3 + 28*g**2 - 33*g - 101. Determine d(27).
-263
Let h(m) = -m**3 + 216*m**2 + 2025*m - 16. What is h(225)?
-16
Let r(w) = -12*w + 103. Calculate r(16).
-89
Let p(m) = -4*m**2 - 8*m + 61. What is p(7)?
-191
Let t(m) = m**3 - 20*m**2 + 55*m + 152. Determine t(16).
8
Let t(s) = 4*s**2 + 418*s + 836. Determine t(-2).
16
Let t(a) = -317*a + 17764. What is t(56)?
12
Let u(j) = -3*j**3 + 9*j**2 + 87*j - 30. Determine u(7).
-9
Let q(x) = 32*x**3 - 382*x**2 - 13*x - 126. Calculate q(12).
6
Let m(p) = p**2 - 109*p - 1230. What is m(-13)?
356
Let q(t) = 3*t**3 + 34*t**2 + 17*t + 65. What is q(-11)?
-1
Let x(s) = -2*s**3 - 102*s**2 + s - 116. Calculate x(-51).
-167
Let u(n) = -2*n**2 + 47*n + 9. What is u(20)?
149
Let f(i) = 108*i**3 + 3*i**2 - i. Calculate f(1).
110
Let m(v) = -16*v**2 + 16*v + 13. Give m(-1).
-19
Let j(r) = r**2 - 13*r - 3. Calculate j(11).
-25
Let b(z) = 18*z - 313. What is b(14)?
-61
Let m(g) = 2*g**2 - 59*g + 459. Give m(14).
25
Let c(w) = 28*w - 1075. Give c(38).
-11
Let w(o) = -2*o**2 - 28*o - 94. Determine w(-9).
-4
Let p(o) = 1521*o - 38030. Calculate p(25).
-5
Let f(s) = 18*s + 36. Calculate f(-2).
0
Let z(s) = -5*s**2 - 63*s + 13. What is z(-13)?
-13
Let k(n) = 5*n**2 + 24*n - 109. Determine k(6).
215
Let i(y) = 138*y + 2897. Determine i(-21).
-1
Let t(x) = -x**3 - 65*x**2 - 286*x + 68. Calculate t(-5).
-2
Let r(o) = -o + 131. Calculate r(-33).
164
Let t(m) = -3*m**2 + 15*m - 2. Calculate t(5).
-2
Let f(n) = 2*n**3 + 28*n**2 + 67*n - 45. Calculate f(-4).
7
Let n(m) = -m**2 + 18*m + 220. What is n(-12)?
-140
Let p(w) = -2*w + 234. Determine p(95).
44
Let u(z) = -z**2 + 12*z - 20. Determine u(19).
-153
Let p(f) = 2*f**3 + 30*f**2 + 8*f - 56. Give p(-14).
224
Let g(v) = -20*v - 1261. Determine g(-63).
-1
Let h(q) = 76*q + 398. Calculate h(-5).
18
Let c(q) = -q**2 - 15*q - 23. Give c(-10).
27
Let k(o) = -8*o**2 - 45*o - 23. Give k(-6).
-41
Let r(n) = 44*n + 783. Give r(-20).
-97
Let n(j) = -2*j**3 + 28*j**2 + 27*j + 38. Give n(15).
-7
Let g(j) = 3*j**2 - 23*j - 85. Determine g(-3).
11
Let h(f) = -21*f**2 - 14*f + 17. Determine h(5).
-578
Let y(a) = -a**3 - 55*a**2 + 288*a + 63. What is y(5)?
3
Let a(p) = 6*p + 245. Calculate a(-40).
5
Let q(a) = a**3 + 19*a**2 + 26*a - 154. Determine q(-17).
-18
Let h(f) = f**2 + 90*f + 9. Calculate h(0).
9
Let l(f) = -159*f - 21629. Calculate l(-136).
-5
Let c(p) = -1205*p - 10850. Give c(-9).
-5
Let y(s) = -30*s**2 - 72*s - 18. What is y(-2)?
6
Let n(s) = 14*s**2 + 2228*s + 287. What is n(-159)?
-31
Let y(b) = -16*b**2 + 164*b - 107. Give y(9).
73
Let h(k) = 37*k**3 + 219*k**2 - 4*k + 22. Give h(-6).
-62
Let c(q) = 213*q**3 - 3*q**2 + 5*q - 3. Give c(1).
212
Let q(s) = -s**2 - 256*s - 2467. Determine q(-246).
-7
Let d(o) = 93*o + 83. What is d(-2)?
-103
Let m(p) = 21*p - 196. Determine m(9).
-7
Let i(x) = 18*x - 261. Calculate i(14).
-9
Let m(k) = k**3 - 4*k**2 - 29*k + 10. Determine m(7).
-46
Let y(a) = -6*a**3 - 144*a**2 + 12*a + 101. Calculate y(-24).
-187
Let g(x) = 3*x**3 - 162*x**2 + 126. Give g(54).
126
Let p(r) = -1024*r - 6196. Determine p(-6).
-52
Let r(h) = 9*h**3 + 3*h**2 - 14*h - 5. Determine r(3).
223
Let v(t) = 7*t + 86. Calculate v(18).
212
Let z(s) = -38*s + 2043. Determine z(56).
-85
Let d(n) = -n**3 - 152*n**2 + 466*n + 144. Give d(-155).
-11
Let t(l) = 57*l**2 - 4*l - 2. Calculate t(-2).
234
Let b(i) = 74*i + 2004. Determine b(-27).
6
Let s(w) = -17*w**2 + 104*w - 14. Calculate s(6).
-2
Let m(c) = -9*c**2 + 40*c + 79. Calculate m(-2).
-37
Let n(f) = -44*f**2 - 1276*f + 15. Give n(-29).
15
Let w(u) = -3*u**3 - 11*u**2 - 64*u - 13. Give w(-4).
259
Let w(n) = n**3 - 45*n**2 + 7*n - 349. Determine w(45).
-34
Let q(n) = -120*n**2 + 726*n - 43. Calculate q(6).
-7
Let v(y) = -y**2 - 8*y - 13. What is v(-6)?
-1
Let r(u) = 61*u**2 - 4*u + 2. Calculate r(1).
59
Let s(u) = 134*u + 1865. Determine s(-20).
-815
Let r(g) = g**2 + 10*g - 421. Give r(16).
-5
Let i(m) = 13*m**2 + 328*m + 6. Determine i(-24).
-378
Let v(a) = 5*a**2 + 21*a + 13. Calculate v(-1).
-3
Let x(c) = 34*c**3 - 23*c**2 + 50*c - 6. Calculate x(2).
274
Let n(t) = 27*t**2 + 452*t - 122. Determine n(-17).
-3
Let h(v) = v**2 + 10*v + 57. Calculate h(-19).
228
Let u(r) = -147*r**2 - r + 7. Determine u(0).
7
Let j(c) = -3181*c - 38168. Calculate j(-12).
4
Let r(a) = -a**3 + 33*a**2 - 18*a - 316. Calculate r(32).
132
Let x(y) = -4*y**2 + 17*y + 52. Determine x(-5).
-133
Let l(z) = z**3 + z**2 + 3*z + 3. Determine l(-1).
0
Let n(h) = -42*h**2 + 7016*h - 339. Determine n(167).
-5
Let k(s) = -1346*s - 5380. Give k(-4).
4
Let a(z) = z**3 + 26*z**2 - 20*z + 147. Give a(-27).
-42
Let x(n) = -n**3 + 5*n**2 + 10*n - 4. What is x(6)?
20
Let g(s) = 449*s + 2851. What is g(-6)?
157
Let x(z) = 2*z**2 + 160*z + 1513. Determine x(-69).
-5
Let p(q) = 7*q**2 - 33*q - 19. Calculate p(-7).
555
Let x(n) = -n**3 + 10*n**2 + 11*n + 35. Determine x(11).
35
Let z(h) = 4*h**2 - 35*h - 16. What is z(9)?
-7
Let m(u) = -26839*u - 26833. What is m(-1)?
6
Let u(m) = 709*m - 29773. Calculate u(42).
5
Let d(l) = l**2 - 73*l + 698. Calculate d(62).
16
Let z(f) = 2*f**3 - 52*f**2 - 630*f - 15. Calculate z(35).
-15
Let n(q) = 38*q**3 - 2*q**2 + q + 1. What is n(1)?
38
Let u(k) = -12*k**2 + 23*k - 65. Calculate u(5).
-250
Let m(r) = 2*r**2 + 106*r + 183. Calculate m(-51).
-21
Let x(s) = 15393*s + 92357. What is x(-6)?
-1
Let b(u) = -29*u + 13. Give b(11).
-306
Let f(w) = 16*w**3 + 4*w**2 - 2*w - 9. Calculate f(-2).
-117
Let l(n) = n**3 - 15*n**2 - 56*n + 80. Determine l(16).
-560
Let u(m) = m**2 + 63*m - 120. Determine u(2).
10
Let n(p) = -p**3 - 5*p**2 - 15*p - 113. Give n(-5).
-38
Let f(b) = -81*b**2 - 713*b + 184. Calculate f(-9).
40
Let x(s) = -57*s + 9588. Determine x(167).
69
Let x(j) = 125*j + 961. What is x(-8)?
-39
Let l(a) = -30*a**2 + 10439*a + 340. Calculate l(348).
-8
Let a(c) = -3*c**2 - 14*c + 1015. Determine a(18).
-209
Let y(l) = -l**2 + 116*l + 6238. What is y(-40)?
-2
Let i(v) = -v**3 - 25*v**2 + 88*v + 19. Calculate i(-28).
-93
Let s(x) = -6*x - 173. Calculate s(0).
-173
Let v(f) = -f**3 - 17*f**2 